 3942052?
2, 131, 7523
What are the prime factors of 35088?
2, 3, 17, 43
List the prime factors of 10644156.
2, 3, 67, 1471
List the prime factors of 835963.
43, 19441
What are the prime factors of 1122949?
41, 61, 449
List the prime factors of 215622.
2, 3, 11
List the prime factors of 4076808.
2, 3, 37, 4591
What are the prime factors of 102098?
2, 71, 719
List the prime factors of 78579.
3, 8731
What are the prime factors of 5743573?
11, 179, 2917
List the prime factors of 1436292.
2, 3, 11, 13, 31
What are the prime factors of 414987?
3, 17, 79, 103
List the prime factors of 12071473.
61, 197893
What are the prime factors of 13645275?
3, 5, 7, 47, 79
List the prime factors of 140529.
3, 139, 337
What are the prime factors of 2039431?
193, 10567
List the prime factors of 15689928.
2, 3, 29, 22543
What are the prime factors of 8006?
2, 4003
What are the prime factors of 4695715?
5, 113, 8311
List the prime factors of 235765.
5, 61, 773
What are the prime factors of 1107580?
2, 5, 79, 701
List the prime factors of 3781586.
2, 1890793
What are the prime factors of 75312?
2, 3, 523
What are the prime factors of 1322002?
2, 11, 60091
What are the prime factors of 15518100?
2, 3, 5, 13, 23, 173
List the prime factors of 869730.
2, 3, 5, 53, 547
What are the prime factors of 6689549?
71, 94219
What are the prime factors of 245975?
5, 9839
What are the prime factors of 8242489?
2333, 3533
What are the prime factors of 83161?
13, 6397
What are the prime factors of 193046?
2, 7, 13789
What are the prime factors of 192532?
2, 127, 379
List the prime factors of 2289951.
3, 17, 1663
What are the prime factors of 1222040?
2, 5, 137, 223
List the prime factors of 988218.
2, 3, 7, 11, 23, 31
What are the prime factors of 1271654?
2, 227, 2801
List the prime factors of 9551087.
7, 13, 103, 1019
List the prime factors of 807434.
2, 403717
What are the prime factors of 507788?
2, 37, 47, 73
What are the prime factors of 65598?
2, 3, 13, 29
What are the prime factors of 51679?
51679
What are the prime factors of 4409967?
3, 31, 47419
List the prime factors of 469258.
2, 234629
What are the prime factors of 19377330?
2, 3, 5, 7, 53, 1741
What are the prime factors of 917803?
917803
What are the prime factors of 240279?
3, 13, 61, 101
List the prime factors of 7514584.
2, 7, 11, 1109
List the prime factors of 1802136.
2, 3, 7, 17, 631
What are the prime factors of 1639502?
2, 53, 15467
What are the prime factors of 2693954?
2, 1346977
What are the prime factors of 1297669?
1297669
What are the prime factors of 695042?
2, 53, 79, 83
What are the prime factors of 228432?
2, 3, 4759
List the prime factors of 650287.
11, 31, 1907
What are the prime factors of 1307365?
5, 373, 701
List the prime factors of 4109056.
2, 7, 2293
What are the prime factors of 124840?
2, 5, 3121
List the prime factors of 182122.
2, 41, 2221
What are the prime factors of 17163797?
7, 1061, 2311
What are the prime factors of 260258?
2, 37, 3517
List the prime factors of 10682431.
1151, 9281
What are the prime factors of 12294453?
3, 373, 10987
List the prime factors of 98250.
2, 3, 5, 131
List the prime factors of 9902465.
5, 383, 5171
What are the prime factors of 174479?
149, 1171
What are the prime factors of 11882849?
11, 1080259
What are the prime factors of 1779739?
13, 10531
List the prime factors of 869318.
2, 434659
List the prime factors of 216048.
2, 3, 7, 643
What are the prime factors of 2433067?
7, 13, 26737
List the prime factors of 59733.
3, 6637
List the prime factors of 576585.
3, 5, 4271
What are the prime factors of 130226?
2, 19, 23, 149
What are the prime factors of 804345?
3, 5, 53623
What are the prime factors of 1007844?
2, 3, 83987
What are the prime factors of 353367?
3, 7, 71, 79
List the prime factors of 214714.
2, 107357
What are the prime factors of 22114508?
2, 13, 425279
What are the prime factors of 221630?
2, 5, 37, 599
What are the prime factors of 2107292?
2, 11, 47, 1019
What are the prime factors of 1225723?
1225723
List the prime factors of 22704.
2, 3, 11, 43
What are the prime factors of 3942157?
151, 26107
List the prime factors of 10931614.
2, 641, 8527
What are the prime factors of 7699253?
31, 307, 809
What are the prime factors of 3179452?
2, 373, 2131
What are the prime factors of 101558?
2, 17, 29, 103
List the prime factors of 7251622.
2, 7, 17, 30469
List the prime factors of 675575.
5, 61, 443
What are the prime factors of 7907548?
2, 11, 179717
What are the prime factors of 3684377?
47, 277, 283
What are the prime factors of 67658?
2, 33829
What are the prime factors of 4858050?
2, 3, 5, 139, 233
List the prime factors of 974231.
61, 15971
List the prime factors of 262720.
2, 5, 821
What are the prime factors of 130622?
2, 241, 271
What are the prime factors of 6852654?
2, 3, 19, 6679
What are the prime factors of 11505036?
2, 3, 47, 20399
What are the prime factors of 184665?
3, 5, 13, 947
What are the prime factors of 6953933?
7, 141917
What are the prime factors of 8569731?
3, 23, 124199
List the prime factors of 2053092.
2, 3, 171091
List the prime factors of 130960.
2, 5, 1637
List the prime factors of 2830529.
13, 217733
List the prime factors of 15868317.
3, 5289439
List the prime factors of 4093706.
2, 2046853
What are the prime factors of 1435181?
11, 29, 409
List the prime factors of 1369534.
2, 684767
List the prime factors of 7695209.
19, 405011
List the prime factors of 19644984.
2, 3, 103, 883
List the prime factors of 202417.
41, 4937
List the prime factors of 24528495.
3, 5, 293, 5581
List the prime factors of 4866904.
2, 7, 233, 373
What are the prime factors of 228196?
2, 89, 641
List the prime factors of 6699.
3, 7, 11, 29
List the prime factors of 239645.
5, 7, 41, 167
List the prime factors of 294362.
2, 53, 2777
List the prime factors of 9518996.
2, 43, 55343
List the prime factors of 31437286.
2, 19, 31, 26687
List the prime factors of 6900507.
3, 31, 24733
List the prime factors of 4848118.
2, 11, 220369
What are the prime factors of 14443630?
2, 5, 1181, 1223
List the prime factors of 269624.
2, 33703
List the prime factors of 7905610.
2, 5, 197, 4013
What are the prime factors of 12729865?
5, 2545973
List the prime factors of 18141672.
2, 3, 755903
List the prime factors of 113767.
29, 3923
What are the prime factors of 823113?
3, 91457
List the prime factors of 795868.
2, 198967
What are the prime factors of 33946232?
2, 4243279
What are the prime factors of 3030815?
5, 229, 2647
What are the prime factors of 715114?
2, 337, 1061
List the prime factors of 1816986.
2, 3, 302831
List the prime factors of 9807809.
11, 53, 16823
List the prime factors of 3829992.
2, 3, 53, 3011
List the prime factors of 410030.
2, 5, 131, 313
What are the prime factors of 9292822?
2, 7, 11, 60343
What are the prime factors of 32330086?
2, 31, 257, 2029
What are the prime factors of 985093?
19, 139, 373
List the prime factors of 281393.
7, 61, 659
What are the prime factors of 7023383?
7023383
What are the prime factors of 1054132?
2, 263533
List the prime factors of 1204011.
3, 19, 2347
List the prime factors of 817274.
2, 408637
What are the prime factors of 14030268?
2, 3, 7, 107, 223
What are the prime factors of 2760317?
7, 56333
List the prime factors of 7332893.
47, 156019
List the prime factors of 4509885.
3, 5, 47, 6397
List the prime factors of 17508698.
2, 8754349
What are the prime factors of 313459?
167, 1877
List the prime factors of 22763.
13, 17, 103
List the prime factors of 938513.
59, 15907
List the prime factors of 8122980.
2, 3, 5, 37, 3659
What are the prime factors of 68833?
17, 4049
List the prime factors of 3240280.
2, 5, 59, 1373
List the prime factors of 246919.
246919
List the prime factors of 43417.
11, 3947
List the prime factors of 6682960.
2, 5, 83537
What are the prime factors of 282647?
23, 12289
List the prime factors of 190174.
2, 95087
List the prime factors of 11656918.
2, 7, 13, 19, 3371
What are the prime factors of 1899308?
2, 17, 31, 53
What are the prime factors of 16319807?
7, 73, 109, 293
What are the prime factors of 86785?
5, 17, 1021
List the prime factors of 27917166.
2, 3, 37, 125753
List the prime factors of 729413.
729413
List the prime factors of 26818.
2, 11, 23, 53
List the 